ctors of 183027256.
2, 22878407
List the prime factors of 463996772.
2, 115999193
What are the prime factors of 73989136?
2, 13, 355717
What are the prime factors of 101919787?
101919787
What are the prime factors of 1025011083?
3, 341670361
What are the prime factors of 88735867?
11, 8066897
List the prime factors of 38281594.
2, 13, 47, 31327
List the prime factors of 437133277.
7, 62447611
What are the prime factors of 2451920168?
2, 7253, 42257
What are the prime factors of 62500768?
2, 11, 353, 503
What are the prime factors of 339863947?
339863947
List the prime factors of 38613141.
3, 7, 109, 5623
List the prime factors of 813854972.
2, 7, 173, 168013
What are the prime factors of 122489990?
2, 5, 7, 31, 47, 1201
List the prime factors of 589082192.
2, 36817637
What are the prime factors of 178352825?
5, 7, 367, 2777
What are the prime factors of 310810244?
2, 263, 439, 673
List the prime factors of 134506709.
43, 523, 5981
What are the prime factors of 404311307?
404311307
What are the prime factors of 1158668123?
11701, 99023
List the prime factors of 721022809.
13, 79, 702067
What are the prime factors of 25778104?
2, 11, 292933
List the prime factors of 31362674.
2, 7, 2240191
List the prime factors of 4508629312.
2, 11, 6404303
List the prime factors of 68957347.
68957347
What are the prime factors of 19539426?
2, 3, 17, 191563
What are the prime factors of 3355467374?
2, 7, 19, 1802077
List the prime factors of 9446072.
2, 31, 41, 929
List the prime factors of 66773734.
2, 113, 295459
List the prime factors of 90962219.
90962219
What are the prime factors of 342584149?
23, 59, 252457
List the prime factors of 59255984.
2, 19, 10259
List the prime factors of 95463739.
7, 13637677
What are the prime factors of 48636992?
2, 759953
List the prime factors of 44030064.
2, 3, 13, 41, 1721
List the prime factors of 2406182864.
2, 11783, 12763
List the prime factors of 110863443.
3, 17, 953, 2281
What are the prime factors of 5821897452?
2, 3, 7, 17, 43, 59, 1607
List the prime factors of 130740952.
2, 16342619
List the prime factors of 1049372796.
2, 3, 359, 243587
List the prime factors of 3704702.
2, 23, 80537
What are the prime factors of 57816043?
23, 557, 4513
List the prime factors of 41343599.
11, 3758509
What are the prime factors of 13124370?
2, 3, 5, 7, 62497
List the prime factors of 47112405.
3, 5, 31, 71, 1427
What are the prime factors of 2665122052?
2, 8191, 81343
What are the prime factors of 30078561?
3, 271, 36997
What are the prime factors of 686663338?
2, 343331669
List the prime factors of 92849644.
2, 1867, 12433
List the prime factors of 917154374.
2, 239, 1918733
What are the prime factors of 271927137?
3, 23, 1409, 2797
List the prime factors of 83077.
83077
List the prime factors of 850448802.
2, 3, 7, 2892683
List the prime factors of 31285285.
5, 6257057
What are the prime factors of 22181829?
3, 239, 30937
What are the prime factors of 45212106?
2, 3, 487, 15473
List the prime factors of 775794439.
7, 17, 23, 283447
What are the prime factors of 535266143?
23, 311, 74831
List the prime factors of 719884861.
487, 1478203
List the prime factors of 1963453820.
2, 5, 31, 1307, 2423
What are the prime factors of 85212007?
17, 67, 79, 947
What are the prime factors of 159656291?
43, 1279, 2903
List the prime factors of 76668159.
3, 25556053
List the prime factors of 686462951.
19, 61, 592289
List the prime factors of 108122525.
5, 7, 617843
What are the prime factors of 699860728?
2, 7, 419, 4261
What are the prime factors of 72366208?
2, 565361
List the prime factors of 264163432.
2, 13, 2540033
List the prime factors of 28434101.
28434101
List the prime factors of 49184640.
2, 3, 5, 8539
List the prime factors of 365555710.
2, 5, 13, 281, 10007
List the prime factors of 113502518.
2, 56751259
List the prime factors of 67716627.
3, 11, 17, 19, 6353
What are the prime factors of 17366934?
2, 3, 13, 53, 4201
What are the prime factors of 31463883?
3, 11, 79, 149
List the prime factors of 24733068.
2, 3, 283, 7283
List the prime factors of 67554704.
2, 7, 31, 19457
What are the prime factors of 35933164?
2, 263, 34157
List the prime factors of 5059733.
7, 722819
What are the prime factors of 75468584?
2, 1787, 5279
List the prime factors of 2017332.
2, 3, 18679
List the prime factors of 5478907619.
59, 79, 1175479
What are the prime factors of 1944724318?
2, 739, 1315781
List the prime factors of 703878641.
703878641
List the prime factors of 1660752985.
5, 332150597
What are the prime factors of 16330904?
2, 2041363
List the prime factors of 609250303.
1187, 513269
List the prime factors of 3692085291.
3, 9319, 44021
What are the prime factors of 2705516143?
11, 97, 181, 14009
What are the prime factors of 1720879795?
5, 344175959
List the prime factors of 74995023.
3, 24998341
What are the prime factors of 2077918664?
2, 259739833
What are the prime factors of 6629646379?
149, 157, 283403
List the prime factors of 235402834.
2, 117701417
What are the prime factors of 967486626?
2, 3, 17, 31, 33997
What are the prime factors of 154982670?
2, 3, 5, 29, 178141
List the prime factors of 488296618.
2, 19, 12849911
List the prime factors of 58642782.
2, 3, 11, 311, 2857
List the prime factors of 1710833198.
2, 149, 5741051
List the prime factors of 197686733.
3089, 63997
What are the prime factors of 543881333?
109, 449, 11113
List the prime factors of 51994124.
2, 7, 13, 142841
What are the prime factors of 67283051?
11, 31, 197311
List the prime factors of 1881123801.
3, 627041267
List the prime factors of 1982783867.
181, 877, 12491
What are the prime factors of 65980565?
5, 7, 1885159
What are the prime factors of 66297199?
1447, 45817
What are the prime factors of 2514547861?
7, 37, 9708679
List the prime factors of 243814461.
3, 11, 79, 93523
What are the prime factors of 30977466?
2, 3, 13, 311, 1277
List the prime factors of 50490078.
2, 3, 331, 25423
What are the prime factors of 8682936?
2, 3, 361789
What are the prime factors of 887461670?
2, 5, 23, 3858529
List the prime factors of 7637101345.
5, 103, 733, 20231
List the prime factors of 430917767.
7, 61559681
What are the prime factors of 398520206?
2, 7, 1511, 18839
What are the prime factors of 66348630?
2, 3, 5, 737207
What are the prime factors of 16844605?
5, 43, 78347
List the prime factors of 490240998.
2, 3, 13, 23, 29, 349
What are the prime factors of 2135821235?
5, 47, 1721, 5281
What are the prime factors of 615639640?
2, 5, 7, 11, 137, 1459
List the prime factors of 40087396.
2, 29, 345581
What are the prime factors of 69812715?
3, 5, 7, 29, 101, 227
List the prime factors of 142079213.
142079213
List the prime factors of 1371593413.
19, 53, 1362059
List the prime factors of 41922728.
2, 593, 8837
What are the prime factors of 13636811?
677, 20143
List the prime factors of 35907282.
2, 3, 59, 33811
List the prime factors of 52266081.
3, 7, 61, 40801
What are the prime factors of 2637002247?
3, 11, 37, 196337
What are the prime factors of 239012511?
3, 31, 1427, 1801
List the prime factors of 7109515475.
5, 19, 463, 32327
What are the prime factors of 303478708?
2, 13, 71, 6323
What are the prime factors of 1142444611?
7, 11, 353, 3821
What are the prime factors of 71528056?
2, 1483, 6029
List the prime factors of 681857388.
2, 3, 41, 47, 9829
List the prime factors of 126914356.
2, 89, 356501
List the prime factors of 872137492.
2, 218034373
List the prime factors of 132725746.
2, 4723, 14051
What are the prime factors of 241203338?
2, 1999, 60331
What are the prime factors of 3488095667?
7, 83, 6003607
List the prime factors of 1421456796.
2, 3, 79, 166603
List the prime factors of 5726936051.
163, 3511, 10007
What are the prime factors of 452549669?
11, 13, 29, 53, 71
What are the prime factors of 3247783491?
3, 1082594497
What are the prime factors of 8251448593?
17, 6317, 76837
What are the prime factors of 1331986439?
7, 47, 1489, 2719
List the prime factors of 48922785.
3, 5, 113, 1069
List the prime factors of 343854868.
2, 7, 12280531
List the prime factors of 145936034.
2, 31, 47, 61, 821
What are the prime factors of 1666607667?
3, 19, 29238731
List the prime factors of 460637231.
1063, 433337
What are the prime factors of 90686378